{"id":836,"date":"2015-05-28T10:11:26","date_gmt":"2015-05-28T10:11:26","guid":{"rendered":"http:\/\/rangarvellir.ru.is\/?page_id=836"},"modified":"2015-05-28T10:12:54","modified_gmt":"2015-05-28T10:12:54","slug":"johann-thorssons-photograph","status":"publish","type":"page","link":"https:\/\/rangarvellir.ru.is\/?page_id=836","title":{"rendered":"J\u00f3hann \u00de\u00f3rsson&#8217;s photographs"},"content":{"rendered":"<p>A map of J\u00f3hann \u00de\u00f3rsson photographs is in development.<\/p>\n","protected":false},"excerpt":{"rendered":"<p>A map of J\u00f3hann \u00de\u00f3rsson photographs is in development.<\/p>\n","protected":false},"author":1,"featured_media":0,"parent":0,"menu_order":0,"comment_status":"closed","ping_status":"open","template":"page-templates\/full-width.php","meta":{"footnotes":""},"class_list":["post-836","page","type-page","status-publish","hentry"],"_links":{"self":[{"href":"https:\/\/rangarvellir.ru.is\/index.php?rest_route=\/wp\/v2\/pages\/836"}],"collection":[{"href":"https:\/\/rangarvellir.ru.is\/index.php?rest_route=\/wp\/v2\/pages"}],"about":[{"href":"https:\/\/rangarvellir.ru.is\/index.php?rest_route=\/wp\/v2\/types\/page"}],"author":[{"embeddable":true,"href":"https:\/\/rangarvellir.ru.is\/index.php?rest_route=\/wp\/v2\/users\/1"}],"replies":[{"embeddable":true,"href":"https:\/\/rangarvellir.ru.is\/index.php?rest_route=%2Fwp%2Fv2%2Fcomments&post=836"}],"version-history":[{"count":3,"href":"https:\/\/rangarvellir.ru.is\/index.php?rest_route=\/wp\/v2\/pages\/836\/revisions"}],"predecessor-version":[{"id":890,"href":"https:\/\/rangarvellir.ru.is\/index.php?rest_route=\/wp\/v2\/pages\/836\/revisions\/890"}],"wp:attachment":[{"href":"https:\/\/rangarvellir.ru.is\/index.php?rest_route=%2Fwp%2Fv2%2Fmedia&parent=836"}],"curies":[{"name":"wp","href":"https:\/\/api.w.org\/{rel}","templated":true}]}}