{"id":652,"date":"2015-05-25T12:28:27","date_gmt":"2015-05-25T12:28:27","guid":{"rendered":"http:\/\/rangarvellir.ru.is\/?page_id=652"},"modified":"2015-05-25T12:41:36","modified_gmt":"2015-05-25T12:41:36","slug":"vegetation-map-of-iceland-general-overview","status":"publish","type":"page","link":"https:\/\/rangarvellir.ru.is\/?page_id=652","title":{"rendered":"Vegetation Map of Iceland. General Overview"},"content":{"rendered":"<p><img decoding=\"async\" class=\"aligncenter\" alt=\"\" src=\"http:\/\/www.ni.is\/media\/midlunogthjonusta\/utgafa\/utgafa_kort\/grod500_1500x1080.jpg\" width=\"75%\" height=\"500\" \/><\/p>\n<p>[table width=&#8221;100%&#8221; colwidth=&#8221;30%|70%&#8221;]<br \/>\n<strong>LAYER NAME<\/strong>, Gr\u00f3\u00f0urkort af \u00cdslandi. Yfirlitskort<br \/>\n<strong>METADATA LANGUAGE<\/strong>, Icelandic<br \/>\n<strong>DATA MAKER<\/strong>, The Icelandic Institute of Natural History ~~ <a href=\"http:\/\/www.ni.is\/\">www.ni.is<\/a><br \/>\n<strong>DATE OF CREATION<\/strong>, 1998<br \/>\n<strong>REPRESENTATION TYPE<\/strong>, Vector (SHP)<br \/>\n<strong>SPATIAL RESOLUTION<\/strong>, 1:500.000<br \/>\n<strong>SPATIAL EXTENT<\/strong>, All country<br \/>\n<strong>ABSTRACT<\/strong>, This vegetation map gives a basic overview of dominant vegetative communities in Iceland. Where vegetation coverage is more than 50%\\, the dominant vegetative community is shown. In areas where vegetation coverage is 50% or less\\, the type of land is indicated (i.e.\\, sand\\, lava or gravel). The map is based on vegetation maps\\, satellite images\\, aerial photographs and a map of birch woods and scrubland. However the coarse resolution might not be suitable for the Hekluskogar area. ~~<br \/>\n<img decoding=\"async\" class=\"aligncenter\" alt=\"\" src=\"http:\/\/www.ni.is\/media\/midlunogthjonusta\/utgafa\/utgafa_kort\/grod500_skyringar.jpg\" width=\"75%\" height=\"500\" \/><br \/>\n<strong>LEGAL CONSTRAINTS<\/strong>, <a href=\"http:\/\/www.ni.is\/media\/stofnunin\/stof_annad\/Leyfi-fyrir-gjaldfrals-NI-gogn_Almennir-skilmalar_20131121.pdf\">S\u00e6kja skilm\u00e1la \u00e1 pdf sni\u00f0m\u00e1ti.<\/a> ~~ <a href=\"http:\/\/www.ni.is\/media\/stofnunin\/stof_annad\/License-for-use-of-free-IINH-data_General-terms_20131121.pdf\">General Terms. English.<\/a><br \/>\n<strong>CONTACT<\/strong>, Sigur\u00f0ur H. Magn\u00fasson ~~ sigurdur@ni.is<br \/>\n<strong>DATA SOURCE<\/strong>, <a href=\"http:\/\/en.ni.is\/outreach-and-publications\/publications\/map\/vegetation-maps\/\">English version<\/a> ~~ <a href=\"http:\/\/www.ni.is\/midlun-og-thjonusta\/utgafa\/kort\/grodurkort\/\">Icelandic version<\/a><br \/>\n<strong>GIS LAYER<\/strong>, <a href=\"https:\/\/rangarvellir.ru.is\/wp-content\/uploads\/GIS_layers\/NI\/Hekluskogar_NI_G500v.zip\">Hekluskogar_NI_G500v.zip<\/a><br \/>\n[\/table]<\/p>\n","protected":false},"excerpt":{"rendered":"<p>[table width=&#8221;100%&#8221; colwidth=&#8221;30%|70%&#8221;] LAYER NAME, Gr\u00f3\u00f0urkort af \u00cdslandi. Yfirlitskort METADATA LANGUAGE, Icelandic DATA MAKER, The Icelandic Institute of Natural History ~~ www.ni.is DATE OF CREATION, 1998 REPRESENTATION TYPE, Vector (SHP) SPATIAL RESOLUTION, 1:500.000 SPATIAL EXTENT, All country ABSTRACT, This vegetation map gives a basic overview of dominant vegetative communities in Iceland. Where vegetation coverage is [&hellip;]<\/p>\n","protected":false},"author":1,"featured_media":0,"parent":0,"menu_order":0,"comment_status":"closed","ping_status":"open","template":"page-templates\/full-width.php","meta":{"footnotes":""},"class_list":["post-652","page","type-page","status-publish","hentry"],"_links":{"self":[{"href":"https:\/\/rangarvellir.ru.is\/index.php?rest_route=\/wp\/v2\/pages\/652"}],"collection":[{"href":"https:\/\/rangarvellir.ru.is\/index.php?rest_route=\/wp\/v2\/pages"}],"about":[{"href":"https:\/\/rangarvellir.ru.is\/index.php?rest_route=\/wp\/v2\/types\/page"}],"author":[{"embeddable":true,"href":"https:\/\/rangarvellir.ru.is\/index.php?rest_route=\/wp\/v2\/users\/1"}],"replies":[{"embeddable":true,"href":"https:\/\/rangarvellir.ru.is\/index.php?rest_route=%2Fwp%2Fv2%2Fcomments&post=652"}],"version-history":[{"count":5,"href":"https:\/\/rangarvellir.ru.is\/index.php?rest_route=\/wp\/v2\/pages\/652\/revisions"}],"predecessor-version":[{"id":659,"href":"https:\/\/rangarvellir.ru.is\/index.php?rest_route=\/wp\/v2\/pages\/652\/revisions\/659"}],"wp:attachment":[{"href":"https:\/\/rangarvellir.ru.is\/index.php?rest_route=%2Fwp%2Fv2%2Fmedia&parent=652"}],"curies":[{"name":"wp","href":"https:\/\/api.w.org\/{rel}","templated":true}]}}