{"id":546,"date":"2015-05-22T09:52:26","date_gmt":"2015-05-22T09:52:26","guid":{"rendered":"http:\/\/rangarvellir.ru.is\/?page_id=546"},"modified":"2015-05-28T17:07:26","modified_gmt":"2015-05-28T17:07:26","slug":"wind-erosion-in-hekluskogar-area","status":"publish","type":"page","link":"https:\/\/rangarvellir.ru.is\/?page_id=546","title":{"rendered":"Wind erosion in Heklusk\u00f3gar area"},"content":{"rendered":"<p style=\"text-align: center;\"><img decoding=\"async\" class=\"aligncenter\" alt=\"\" src=\"https:\/\/rangarvellir.ru.is\/wp-content\/uploads\/data\/Wind Erosion\/2012-Thorarinsdottir-Fig7b.png\" width=\"50%\" height=\"500\" \/><br \/>\n<em>The maximum mass sand transport (arrows), distribution of waterways and the amount of loose materials on surface.<br \/>\nLocations (boxes) are grouped based on these surface characteristics and environmental factors.<br \/>\n(Source: <a href=\"http:\/\/dx.doi.org\/10.1016\/j.aeolia.2011.12.006\">Thorarinsdottir\u00a0<em>E.F. <\/em> and Arnalds <em>O.<\/em>, 2012<\/a>)<\/em><\/p>\n<p>[table width=&#8221;100%&#8221; colwidth=&#8221;30%|70%&#8221;]<br \/>\n<strong>METADATA LANGUAGE<\/strong>, Icelandic \/ English<br \/>\n<strong>DATA MAKER<\/strong>, Soil Conservation Service of Iceland ~~ <a href=\"http:\/\/www.land.is\">www.land.is<\/a> ~~ ~~ Agricultural University of Iceland ~~ <a href=\"http:\/\/www.lbhi.is\/\">http:\/\/www.lbhi.is\/<\/a><br \/>\n<strong>DATE OF CREATION<\/strong>, &#8230;<br \/>\n<strong>REPRESENTATION TYPE<\/strong>, &#8230;<br \/>\n<strong>SPATIAL RESOLUTION<\/strong>, &#8230;<br \/>\n<strong>SPATIAL EXTENT<\/strong>, Heklusk\u00f3gar area<br \/>\n<strong>ABSTRACT<\/strong>, &#8230;<br \/>\n<strong>LEGAL CONSTRAINTS<\/strong>, &#8230;<br \/>\n<strong>REFERENCES<\/strong>, Landscape scale measurements of wind erosion of volcanic materials in the Hekla area ~~<br \/>\nEl\u00edn Fj\u00f3la \u00de\u00f3rarinsd\u00f3ttir. MSc Thesis. 2010 ~~<br \/>\n<a href=\"http:\/\/hdl.handle.net\/1946\/7340\">http:\/\/hdl.handle.net\/1946\/7340<\/a> ~~ ~~<br \/>\nWind erosion of volcanic materials in the Hekla area\\, South Iceland. ~~<br \/>\nThorarinsdottir EF\\, Arnalds O ~~<br \/>\nAeolian Research 4:39-50. 2012. ~~<br \/>\n<a href=\"http:\/\/dx.doi.org\/10.1016\/j.aeolia.2011.12.006\">http:\/\/dx.doi.org\/10.1016\/j.aeolia.2011.12.006<\/a> ~~ ~~<br \/>\nAn extreme wind erosion event of the fresh Eyjafjallaj\u00f6kull 2010 volcanic ash ~~<br \/>\nOlafur Arnalds\\, Elin Fjola Thorarinsdottir\\, Johann Thorsson\\, Pavla Dagsson Waldhauserova\\, Anna Maria Agustsdottir ~~<br \/>\nScientific Reports 3\\, 2013. ~~<br \/>\n<a href=\"http:\/\/dx.doi.org\/10.1038\/srep01257\">http:\/\/dx.doi.org\/10.1038\/srep01257<\/a> ~~ ~~<br \/>\nAeolian References from Olafur Arnalds : <a href=\"http:\/\/www.moldin.net\/erosion-and-aeolian-references.html\">http:\/\/www.moldin.net\/erosion-and-aeolian-references.html<\/a><br \/>\n<strong>CONTACT<\/strong>, Elin Fjola Thorarinsdottir (Soil Conservation Service of Iceland) ~~ elinfjola@land.is ~~ ~~ Olafur Arnalds (Agricultural University of Iceland) ~~ oa@lbhi.is<br \/>\n<strong>DOWNLOAD<\/strong>, &#8230;<br \/>\n[\/table]<\/p>\n","protected":false},"excerpt":{"rendered":"<p>The maximum mass sand transport (arrows), distribution of waterways and the amount of loose materials on surface. Locations (boxes) are grouped based on these surface characteristics and environmental factors. (Source: Thorarinsdottir\u00a0E.F. and Arnalds O., 2012) [table width=&#8221;100%&#8221; colwidth=&#8221;30%|70%&#8221;] METADATA LANGUAGE, Icelandic \/ English DATA MAKER, Soil Conservation Service of Iceland ~~ www.land.is ~~ ~~ Agricultural [&hellip;]<\/p>\n","protected":false},"author":1,"featured_media":0,"parent":0,"menu_order":0,"comment_status":"closed","ping_status":"open","template":"page-templates\/full-width.php","meta":{"footnotes":""},"class_list":["post-546","page","type-page","status-publish","hentry"],"_links":{"self":[{"href":"https:\/\/rangarvellir.ru.is\/index.php?rest_route=\/wp\/v2\/pages\/546"}],"collection":[{"href":"https:\/\/rangarvellir.ru.is\/index.php?rest_route=\/wp\/v2\/pages"}],"about":[{"href":"https:\/\/rangarvellir.ru.is\/index.php?rest_route=\/wp\/v2\/types\/page"}],"author":[{"embeddable":true,"href":"https:\/\/rangarvellir.ru.is\/index.php?rest_route=\/wp\/v2\/users\/1"}],"replies":[{"embeddable":true,"href":"https:\/\/rangarvellir.ru.is\/index.php?rest_route=%2Fwp%2Fv2%2Fcomments&post=546"}],"version-history":[{"count":19,"href":"https:\/\/rangarvellir.ru.is\/index.php?rest_route=\/wp\/v2\/pages\/546\/revisions"}],"predecessor-version":[{"id":877,"href":"https:\/\/rangarvellir.ru.is\/index.php?rest_route=\/wp\/v2\/pages\/546\/revisions\/877"}],"wp:attachment":[{"href":"https:\/\/rangarvellir.ru.is\/index.php?rest_route=%2Fwp%2Fv2%2Fmedia&parent=546"}],"curies":[{"name":"wp","href":"https:\/\/api.w.org\/{rel}","templated":true}]}}